{"id":38,"date":"2015-06-11T16:14:39","date_gmt":"2015-06-11T14:14:39","guid":{"rendered":"http:\/\/hebamme-in-willich.de\/?page_id=38"},"modified":"2022-07-28T15:55:30","modified_gmt":"2022-07-28T13:55:30","slug":"schwangerschaft","status":"publish","type":"page","link":"http:\/\/hebamme-in-willich.de\/hebadmin\/leistungen\/schwangerschaft\/","title":{"rendered":"Schwangerschaft"},"content":{"rendered":"\n<div class=\"wp-container-6 wp-block-columns\">\n<div class=\"wp-container-5 wp-block-column\" style=\"flex-basis:100%\">\n<div class=\"wp-container-4 wp-block-group alignwide\"><div class=\"wp-block-group__inner-container\">\n<div class=\"wp-container-3 wp-block-columns alignwide\">\n<div class=\"wp-container-1 wp-block-column\" style=\"flex-basis:42%\"><div class=\"wp-block-image\">\n<figure class=\"alignright\"><img loading=\"lazy\" width=\"768\" height=\"509\" src=\"http:\/\/hebamme-in-willich.de\/hebadmin\/wp-content\/uploads\/2022\/07\/bild-31-1-768x509-1.jpg\" alt=\"\" class=\"wp-image-481\" srcset=\"http:\/\/hebamme-in-willich.de\/hebadmin\/wp-content\/uploads\/2022\/07\/bild-31-1-768x509-1.jpg 768w, http:\/\/hebamme-in-willich.de\/hebadmin\/wp-content\/uploads\/2022\/07\/bild-31-1-768x509-1-300x199.jpg 300w, http:\/\/hebamme-in-willich.de\/hebadmin\/wp-content\/uploads\/2022\/07\/bild-31-1-768x509-1-624x414.jpg 624w\" sizes=\"(max-width: 768px) 100vw, 768px\" \/><\/figure><\/div><\/div>\n\n\n\n<div class=\"wp-container-2 wp-block-column\" style=\"flex-basis:58%\">\n<h2><strong>Schwa<\/strong><strong>ngerenvorsorge:<\/strong><\/h2>\n\n\n\n<p>Gerne \u00fcbernehme ich ihre Schwangerenvorsorge. Die Vorsorge-Untersuchungen sind an den Mutterschaftsrichtlinien orientiert und k\u00f6nnen sowohl im Wechsel mit Ihrem Frauenarzt oder auch komplett bei mir als Hebamme stattfinden.<\/p>\n\n\n\n<p>Hebammenvorsorge beinhaltet:<\/p>\n\n\n\n<ul><li>Ausf\u00fchrliche Gespr\u00e4ch \u00fcber ihre Anamnese (Krankengeschichte) und ihre Erfahrungen mit evtl. vorausgegangenen Schwangerschaften<\/li><li>Die eigentliche Untersuchung: Lage des Kindes ertasten sowie die kindlichen Herzt\u00f6ne h\u00f6ren; Blutdruckmessung, Blut- und Urinuntersuchung, Besonderheiten erfassen und Fragen bez\u00fcglich der Schwangerschaft kl\u00e4ren und beratend zur Seite stehen.<\/li><\/ul>\n\n\n\n<p>Wenn Regelwidrigkeiten auftreten oder z.B. ein Termin zum Ultraschall ansteht, ist ein Besuch bei einem Facharzt ihrer Wahl erforderlich<\/p>\n\n\n\n<h2><strong>Hilfe bei Beschwerden<\/strong><\/h2>\n\n\n\n<p>In der Schwangerschaft gibt es eine Vielzahl von Beschwerden, die auftreten k\u00f6nnen, wie z.B. Sodbrennen, \u00dcbelkeit, Karpaltunnelsyndrom, Hals Schulter Nacken Beschwerden, R\u00fcckenschmerzen, \u00d6deme etc.<\/p>\n\n\n\n<p>Gemeinsam besprechen wir, was sie hiergegen tun k\u00f6nnen oder was Linderung verschaffen k\u00f6nnte.<\/p>\n\n\n\n<h2><strong>Massagen in der Schwangerschaft<\/strong><\/h2>\n\n\n\n<p>Viele Schwangere klagen in der Schwangerschaft \u00fcber Beschwerden im Schulter Nackenbereich oder Kreuzbeinbereich. Mit sanften Massagen kann man versuchen die Beschwerden zu lindern.<br>Ab der 36. SSW biete ich geburtsvorbereitende Massagen an. Diese finden einmal in der Woche statt.<\/p>\n\n\n\n<p>Hierbei werden Spannungen im unteren R\u00fccken, H\u00fcften und Bauch gel\u00f6st und die Muskeln und B\u00e4nder des Beckens sanft gelockert. Dies f\u00f6rdert die Elastizit\u00e4t und Dehnbarkeit. Die tiefe Entspannung des gesamten Bauch- und Beckenraumes kann auch unterst\u00fctzen, dass sich Muttermund, Scheide und Beckenbodenmuskeln unter der Geburt leichter \u00f6ffnen und dehnen.<\/p>\n\n\n\n<p>F\u00fcr eine Terminvereinbarung schicken Sie mir eine <a href=\"http:\/\/hebamme-in-willich.de\/kurse\/massagen-in-der-schwangerschaft\/\">Anfrage<\/a> oder sprechen mich einfach direkt an.<\/p>\n\n\n\n<h2><strong>Meine Kursangebote in der Schwangerschaft<\/strong><\/h2>\n\n\n\n<p><a href=\"http:\/\/hebamme-in-willich.de\/kurse\/step-und-fit\/\">Step und Fit in der Schwangerschaft<\/a><\/p>\n\n\n\n<p><a href=\"http:\/\/hebamme-in-willich.de\/kurse\/geburtsvorbereitung\/\">Geburtsvorbereitung f\u00fcr Paare am Wochenende<\/a><\/p>\n\n\n\n<p><a href=\"http:\/\/hebamme-in-willich.de\/kurse\/massagen-in-der-schwangerschaft\/\">Massagen in der Schwangerschaft<\/a><\/p>\n<\/div>\n<\/div>\n<\/div><\/div>\n<\/div>\n<\/div>\n","protected":false},"excerpt":{"rendered":"<p>Schwangerenvorsorge: Gerne \u00fcbernehme ich ihre Schwangerenvorsorge. Die Vorsorge-Untersuchungen sind an den Mutterschaftsrichtlinien orientiert und k\u00f6nnen sowohl im Wechsel mit Ihrem Frauenarzt oder auch komplett bei mir als Hebamme stattfinden. Hebammenvorsorge&#8230; <a href=\"http:\/\/hebamme-in-willich.de\/hebadmin\/leistungen\/schwangerschaft\/\">Read more &raquo;<\/a><\/p>\n","protected":false},"author":1,"featured_media":0,"parent":511,"menu_order":1,"comment_status":"closed","ping_status":"open","template":"","meta":[],"_links":{"self":[{"href":"http:\/\/hebamme-in-willich.de\/hebadmin\/wp-json\/wp\/v2\/pages\/38"}],"collection":[{"href":"http:\/\/hebamme-in-willich.de\/hebadmin\/wp-json\/wp\/v2\/pages"}],"about":[{"href":"http:\/\/hebamme-in-willich.de\/hebadmin\/wp-json\/wp\/v2\/types\/page"}],"author":[{"embeddable":true,"href":"http:\/\/hebamme-in-willich.de\/hebadmin\/wp-json\/wp\/v2\/users\/1"}],"replies":[{"embeddable":true,"href":"http:\/\/hebamme-in-willich.de\/hebadmin\/wp-json\/wp\/v2\/comments?post=38"}],"version-history":[{"count":26,"href":"http:\/\/hebamme-in-willich.de\/hebadmin\/wp-json\/wp\/v2\/pages\/38\/revisions"}],"predecessor-version":[{"id":546,"href":"http:\/\/hebamme-in-willich.de\/hebadmin\/wp-json\/wp\/v2\/pages\/38\/revisions\/546"}],"up":[{"embeddable":true,"href":"http:\/\/hebamme-in-willich.de\/hebadmin\/wp-json\/wp\/v2\/pages\/511"}],"wp:attachment":[{"href":"http:\/\/hebamme-in-willich.de\/hebadmin\/wp-json\/wp\/v2\/media?parent=38"}],"curies":[{"name":"wp","href":"https:\/\/api.w.org\/{rel}","templated":true}]}}